
Suppose 24*a - 35171 + 9083 = 0. Is a prime?
True
Let q(l) = -20*l**3 + l**2 + 7*l - 27. Is q(-5) prime?
False
Let m(k) = -7*k**3 + 11*k**2 + 9*k + 15. Let i(w) = -7*w**3 + 10*w**2 + 9*w + 15. Let u(o) = 3*i(o) - 2*m(o). Is u(-6) a composite number?
True
Is 50357/(-185)*(-5)/1 prime?
True
Suppose -6*t = 38 - 800. Is t composite?
False
Suppose -6*v = -2*v - q - 8713, 5*v = -q + 10898. Is v a composite number?
False
Let v(f) = -1009*f - 12. Is v(-5) prime?
False
Let a = 1683 + -1126. Is a a composite number?
False
Let z = 6065 + 23666. Is z composite?
True
Let w(s) = 447*s + 7. Let r be w(-2). Let o = r - -1618. Is o prime?
False
Let f = 9824 - -36369. Is f composite?
True
Let j(c) = 794*c**3 + 3*c**2 + 47*c - 161. Is j(4) prime?
True
Let j(l) = -7480*l - 778. Is j(-6) composite?
True
Let x = 0 + 4. Let y = x - -2. Suppose 2*j - 476 = -5*a, 0*j = -2*j + y. Is a prime?
False
Let x(d) = 29*d - 13. Let j(a) = 30*a - 14. Let n(q) = 6*j(q) - 5*x(q). Is n(16) a prime number?
True
Let k(a) = -153*a - 4. Let h be k(-3). Let m = -248 + h. Suppose 2*g + g + m = 3*d, -d - 4*g + 94 = 0. Is d prime?
False
Is ((-2065)/(-70))/(2/4) composite?
False
Suppose -3359 = -15*t - 689. Is t a prime number?
False
Let g(m) = m**2 + 9*m - 15. Let o be g(-11). Suppose 2*n = 4*u + 6, 0 = 2*n - 4*u - u - o. Is 14 + (0 - n)*3 a prime number?
True
Suppose 5*p - 4*k + 1937 = 0, 4*p + k - 922 = -2480. Let d = -167 - p. Is (d/9)/((-4)/(-6)) a prime number?
True
Suppose 7*y + 254 = 9*y. Is y/((-36)/20 + 2) composite?
True
Let m(b) = b - 4. Let z be m(6). Let n(y) = -36*y + 15. Let q(u) = -7*u + 3. Let o(c) = z*n(c) - 11*q(c). Is o(10) a composite number?
False
Suppose -4*g + g = -6. Suppose -2*t + 602 = -5*u, g*u = 5*u. Is t composite?
True
Let a = 5 - 3. Let q = a - -3. Suppose 111 = -2*z + q*z. Is z prime?
True
Suppose -2*z - 8 = -2*h - 0*h, 2*h - 5*z = 14. Suppose h*k + 17 - 7 = l, 0 = -l + 4*k + 20. Let n = 127 - l. Is n composite?
False
Suppose 5*l - 2*p - 53808 = 0, 19*p - 53807 = -5*l + 22*p. Is l a prime number?
False
Suppose 10*p - 41941 = -4031. Is p composite?
True
Let k be (-80)/(-15)*6/4. Suppose -k = -0*u + 4*u. Is (-656)/u - -1 - -2 prime?
True
Let d(h) = -h**3 + 3*h**2 + 5*h - 1. Let u(m) = m**3 + m**2 - m + 4. Let x be u(0). Let s be d(x). Suppose q - 6 = s*r, 4*q = -3*r + 4*r + 57. Is q composite?
True
Let h = -9000 - -15113. Is h a composite number?
False
Let t(i) be the first derivative of 20*i**3/3 - 7*i**2 - i - 74. Let d be (-2)/10*-6*5. Is t(d) a prime number?
False
Let g = 16426 - -28805. Is g composite?
True
Suppose 0 = -7*k - 3*k + 29230. Is k prime?
False
Let v be (6 + -6)*2/(-4). Suppose 0 = -5*m - v*m + 10. Suppose -m*k - 113 = -3*x, x - 35 = 2*k - 4*k. Is x prime?
True
Suppose -5*b = g - 19570 - 6941, b = -4*g + 5287. Is b a composite number?
False
Let r = -13955 - -33976. Is r a composite number?
False
Suppose -5*o + 25 + 15 = 0. Let f = o - -9. Let c = f + -10. Is c prime?
True
Let w = 317 - -180. Suppose -395 = r - 2*r - 5*s, -1202 = -3*r + 2*s. Suppose -3*t = -r - w. Is t a prime number?
False
Let r(z) = z**3 + 2*z**2 - z + 5. Let o be r(0). Is 955/(-4 + o) - (0 - -2) prime?
True
Suppose 670595 + 898305 = 100*k. Is k prime?
False
Let s be 1195/20 - (3 + (-13)/4). Suppose -2*h - s = -78. Is h a composite number?
True
Suppose -5*l - 447 = -5*k + 1418, 2*l = -4. Suppose -13 = 2*c + 3*m + k, -c = -4*m + 170. Let w = 313 + c. Is w a composite number?
False
Let w(l) = 2*l**2 - 3*l - 7. Let f be 2 + -1 - 0 - 3. Let o be f/(-3)*(4 - -5). Is w(o) a composite number?
False
Suppose 5*s - 2*s = 6. Let m(a) = -2 - 3*a**2 + 4*a**s + a**2 + 10*a - 3*a. Is m(5) composite?
False
Suppose 2*s = -2*o - 0*o - 16, 2*s = -6. Let h = 9 + o. Suppose -h*u = -4*m - 556, -3*m = -3*u - 4*m + 433. Is u composite?
True
Let z(a) = 484*a**3 + 7*a**2 + 7*a + 13. Is z(4) composite?
True
Suppose y + 3*q = -2, 3*y - q = -2*y + 6. Let o(b) = 30*b + y - 3*b + b. Is o(3) composite?
True
Let l(c) = c**3 + 6*c**2 + 5*c + 1. Let m be l(-5). Is 38*(36/8 + m) prime?
False
Let n(i) = -14095*i**3 + i**2 + 2*i + 1. Is n(-1) a prime number?
False
Suppose 2*x - 4919 = 5499. Is x a composite number?
False
Let w be 7 - 0 - 3 - 0. Suppose -w*c + 2505 = -c. Is c a prime number?
False
Let h be (-5)/(-3) - 1 - 14/21. Suppose h = 3*q + 523 - 4558. Is q prime?
False
Let l(p) = 4*p + 1361. Is l(0) composite?
False
Let s(a) = 207*a + 4. Let r be s(-6). Let t = r - -1885. Is t a composite number?
False
Suppose 7*l - 9*l + 46454 = 0. Is l a composite number?
False
Is 6058/4 - ((-60)/24 - -4) prime?
False
Let y = 297 + -86. Is y a composite number?
False
Suppose 2*g + g = 4*l - 82, -32 = -2*l - 3*g. Let d(i) = 35*i + 16. Is d(l) a composite number?
True
Let h = -23247 - -42363. Is h/28 + 6/21 composite?
False
Is ((-1)/6)/((-2)/145788) a prime number?
True
Let g(f) = -436*f - 84*f - 78*f - 123*f. Let p be g(-2). Suppose -h + 4*a - 978 = -3*h, 0 = -3*h - a + p. Is h a prime number?
True
Let a be -3*8/(-36)*12. Let f be 56/((-2)/(a/(-4))). Suppose 6*j = 2*j + f. Is j composite?
True
Let w = 43675 + -17932. Is w composite?
True
Let t = 3 + -4. Let y(a) = -621*a**3 + a**2 + a. Let q be y(t). Let m = q - 400. Is m prime?
False
Let g = 1195 + 2238. Is g prime?
True
Is ((-20)/50)/(4/(-16730)) a composite number?
True
Let j(o) = -o**2 - o + 1. Let w(k) = -3*k**2 - 16*k - 20. Let i(s) = -4*j(s) + w(s). Is i(-15) a prime number?
False
Suppose -z = r, 5*r - 2*z = -0*z + 14. Suppose -v - 3*d + 892 = 0, -r*v + 3559 = 2*v + 3*d. Is v a composite number?
True
Suppose -1609 = -2*z + 5595. Is z composite?
True
Suppose -5*i - 4*x + 57691 = 0, 7*i - 10*i = -4*x - 34621. Is i composite?
True
Suppose 0*q = 5*q + 225. Let r be (-27)/q + (-3227)/(-5). Let w = -243 + r. Is w prime?
False
Let x(u) = u + 17. Let z be x(-17). Suppose z = 4*c - 7 - 17. Is (4/c)/(10/2775) a composite number?
True
Let p = 7 - 8. Let h(z) = z**2 + z. Let x be h(p). Suppose -n - n + 154 = x. Is n a prime number?
False
Let w be -955*-1*1*2/2. Is (-3*w/45)/(1/(-6)) a prime number?
False
Let q = -680 - -343. Let h be -2*(1 + q/2). Suppose l - 79 = -4*b, 4*l - 5*b = -2*b + h. Is l a composite number?
False
Let a(m) = 4*m**2 - m + 20. Is a(-17) a prime number?
True
Let q(o) = o**3 + 11*o**2 + 9*o - 3. Let b be q(-10). Is (b/(-21))/(1/(-2631)) prime?
True
Suppose 38629 = 11*u - 52308. Is u composite?
True
Suppose 429 = 9*c - 174. Let w = 162 - c. Is w a prime number?
False
Let m(u) = 36*u**3 + 13*u**2 + 17*u + 5. Let s(o) = 9*o**3 + 3*o**2 + 4*o + 1. Let z(d) = -2*m(d) + 9*s(d). Is z(2) a composite number?
False
Let g(q) = q**2 - 6*q - 18. Let j be g(8). Let o(x) = 339*x**2 - x + 3. Is o(j) a prime number?
True
Suppose -136*i = -139*i + 2091. Is i composite?
True
Is (1 + -4)/(18/(-205878)) composite?
False
Suppose t + 4*t - 635 = 0. Suppose -3*m - t = -5*l, 2*m - 4*m + 5*l = 93. Let i = 33 - m. Is i a composite number?
False
Suppose -15 = -3*g, 14 - 61 = -o - 4*g. Suppose -s - 7 = 5*t, o = 3*s - 0*t + 3*t. Is s a prime number?
True
Let s(w) = -w**2 - 13*w - 21. Let j be s(-9). Is ((-9)/j)/((-4)/1180) prime?
False
Let k(u) = -82*u**3 - u**2 - 6*u - 7. Is k(-12) a composite number?
True
Let i be -1*4 + (751 - (-6)/(-6)). Suppose s - 177 - i = 0. Is s prime?
False
Let p(q) = q**3 - 15*q**2 - 38*q + 3. Is p(18) composite?
True
Suppose w - 6 = -w. Suppose w*g + 1761 = 6*g. Is g prime?
True
Suppose 4*n + 5*a - 8*a - 56693 = 0, -4*a = -4*n + 56688. Is n a prime number?
True
Let z(l) = -l**2 - 14*l + 2. Let c be z(-11). Let o = c + -33. Suppose -1705 = o*f - 7*f. Is f prime?
False
Suppose -4*d - d + 4*c - 5570 = 0, 0 = -3*d + 5*c - 3329. Let z = d + 1569. Is z a prime number?
False
Let z(x) = -1146*x**3 + x**2 + x - 2. Let d be z(-2). Let t be (0 + 5)*d/(-60). Is 4/(-8)*t - 3 a prime number?
True
Let b = 1705 + 1084. Is b a prime number?
True
Let h(k) = -12*k**3 - 21*k**2 - 83*k + 37. Is h(-27) prime?
False
Suppose -20*z + 54780 = 2*z. Suppose -4*v = 3*f - 2495, 4*v + f - 3*f - z = 0. Is v a composite number?
True
Suppose f = -2*f + 3561. Is f a prime number?
True
Let r(d) = 15*d**2 + 5*d + 10. Let w be r(-8). Let f = w + -283. Is f a composite number?
False
Suppose 4*f + x = 3*x - 19312, 3*f + x = -14479. Let k = -2520 - f. Is k a prime number?
False
Let o = 42223